{"id":688,"date":"2022-08-15T14:16:43","date_gmt":"2022-08-15T12:16:43","guid":{"rendered":"https:\/\/www.maria-lamp.de\/?page_id=688"},"modified":"2025-12-09T12:23:57","modified_gmt":"2025-12-09T11:23:57","slug":"installation","status":"publish","type":"page","link":"https:\/\/www.maria-lamp.de\/en\/installation\/","title":{"rendered":"Installation"},"content":{"rendered":"<p><a href=\"https:\/\/artspaces.kunstmatrix.com\/de\/exhibition\/10478853\/plastic-phantastic\">CLICK FOR VIRTUAL SHOWROOM<\/a><\/p>\n\n\n\n<p><strong>\"You are, therefore you pass\".<\/strong> Based on this line of poetry by the Polish Nobel Prize winner for literature Wislawa Szymborska, Maria Rosina Lamp deals with her own transience in the installation <strong>Quintessenz.<\/strong> Just as the five wax busts, which unmistakably bear the artist's features, gradually dissolve and melt away under the relentless burning of the heat lamps, so man must submit and surrender to the flow of transience.<br>The idea for the installation was born in 2007 for the thematic exhibition ZEITSPUREN of the art association DIE ROSENINSEL, where three sculptures were set up. On the occasion of the artist's 50th birthday, the installation was extended to five sculptures and shown at the end of 2007 in the solo exhibition QUINTESSENZ. For the exhibition <strong>faces<\/strong> the installation was set up again in 2021 at the Paulo de Brito Gallery.<\/p>\n\n\n\n<figure class=\"wp-block-image size-large\"><img decoding=\"async\" loading=\"lazy\" width=\"1024\" height=\"705\" src=\"https:\/\/www.maria-lamp.de\/wp-content\/uploads\/2022\/08\/Installation_Wachsbuesten-1024x705.jpg\" alt=\"\" class=\"wp-image-692\" srcset=\"https:\/\/www.maria-lamp.de\/wp-content\/uploads\/2022\/08\/Installation_Wachsbuesten-1024x705.jpg 1024w, https:\/\/www.maria-lamp.de\/wp-content\/uploads\/2022\/08\/Installation_Wachsbuesten-300x207.jpg 300w, https:\/\/www.maria-lamp.de\/wp-content\/uploads\/2022\/08\/Installation_Wachsbuesten-768x529.jpg 768w, https:\/\/www.maria-lamp.de\/wp-content\/uploads\/2022\/08\/Installation_Wachsbuesten.jpg 1250w\" sizes=\"(max-width: 1024px) 100vw, 1024px\" \/><figcaption class=\"wp-element-caption\">Quintessenz: Wachsb\u00fcsten im Schmelzprozess, 2021<\/figcaption><\/figure>\n\n\n\n<figure class=\"wp-block-image size-large is-resized\"><img decoding=\"async\" loading=\"lazy\" src=\"https:\/\/www.maria-lamp.de\/wp-content\/uploads\/2022\/08\/MariaLamp_Zeitspuren_Detail_2009-683x1024.jpg\" alt=\"\" class=\"wp-image-695\" width=\"840\" height=\"1260\" srcset=\"https:\/\/www.maria-lamp.de\/wp-content\/uploads\/2022\/08\/MariaLamp_Zeitspuren_Detail_2009-683x1024.jpg 683w, https:\/\/www.maria-lamp.de\/wp-content\/uploads\/2022\/08\/MariaLamp_Zeitspuren_Detail_2009-200x300.jpg 200w, https:\/\/www.maria-lamp.de\/wp-content\/uploads\/2022\/08\/MariaLamp_Zeitspuren_Detail_2009-768x1152.jpg 768w, https:\/\/www.maria-lamp.de\/wp-content\/uploads\/2022\/08\/MariaLamp_Zeitspuren_Detail_2009-1024x1536.jpg 1024w, https:\/\/www.maria-lamp.de\/wp-content\/uploads\/2022\/08\/MariaLamp_Zeitspuren_Detail_2009.jpg 1250w\" sizes=\"(max-width: 840px) 100vw, 840px\" \/><figcaption class=\"wp-element-caption\">Quintessenz: B\u00fcste nach dem Schmelzprozess, 2008<\/figcaption><\/figure>\n\n\n\n<p><\/p>\n\n\n\n<p class=\"has-large-font-size\"><strong>Venus of the Bags<\/strong><\/p>\n\n\n\n<p><a href=\"https:\/\/artspaces.kunstmatrix.com\/de\/exhibition\/10478853\/plastic-phantastic\">CLICK FOR VIRTUAL SHOWROOM<\/a><\/p>\n\n\n\n<p>A plastic body print of the artist, in the posture of the Venus de Milo, stands in front of a mountain of plastic waste. The artist confronts us with our consumer behaviour. In Germany, an average of 47 kilos of packaging waste are thrown away per capita every year.<\/p>\n\n\n\n<p>The contents of the yellow bags can be used to create a personality profile of the consumers, because the waste reflects their preferences and lifestyles - so vegetarians or meat consumers are revealed just as much as pet owners or families with small children. Plastic waste becomes a mirror of human behaviour, socialisation and culture.<\/p>\n\n\n\n<figure class=\"wp-block-image size-large\"><img decoding=\"async\" loading=\"lazy\" width=\"1024\" height=\"768\" src=\"https:\/\/www.maria-lamp.de\/wp-content\/uploads\/2022\/08\/Venus_der_Tueten_2022-1024x768.jpg\" alt=\"\" class=\"wp-image-706\" srcset=\"https:\/\/www.maria-lamp.de\/wp-content\/uploads\/2022\/08\/Venus_der_Tueten_2022-1024x768.jpg 1024w, https:\/\/www.maria-lamp.de\/wp-content\/uploads\/2022\/08\/Venus_der_Tueten_2022-300x225.jpg 300w, https:\/\/www.maria-lamp.de\/wp-content\/uploads\/2022\/08\/Venus_der_Tueten_2022-768x576.jpg 768w, https:\/\/www.maria-lamp.de\/wp-content\/uploads\/2022\/08\/Venus_der_Tueten_2022.jpg 1250w\" sizes=\"(max-width: 1024px) 100vw, 1024px\" \/><figcaption class=\"wp-element-caption\">Venus of the bags, 2022, part of the cycle <strong>Re-Cycle<\/strong> in the exhibition <strong>Plastic Phantastic<\/strong><\/figcaption><\/figure>\n\n\n\n<p class=\"has-large-font-size\"><strong>Mein Kosmos<\/strong><\/p>\n\n\n\n<p>Kunst = Installation<br>Mode = Spiegel<br>Sport = Tennisb\u00e4lle<\/p>\n\n\n\n<p>1.001 Tennisb\u00e4lle sind in einem Raum mit schwarz gestrichenen W\u00e4nden und schwarzem Teppich verteilt. Unter Schwarzlicht leuchten gebleichte Stoffe und auch gelbe Tennisb\u00e4lle. Viele unterschiedliche Spiegel, angelehnt an den W\u00e4nden, verdoppeln die Szenerie ins Unendliche. Die zweite gro\u00dfe Leidenschaft der K\u00fcnstlerin ist der Tennissport. Soviele B\u00e4lle hat die K\u00fcnstlerin in fast vierzig Jahren aktivem Turniersport verbraucht.<\/p>\n\n\n\n<p>Die Installation wurde zur Ausstellung Lichtblick 2023 im Atelier von Paulo de Brito gezeigt.<\/p>\n\n\n\n<figure class=\"wp-block-image size-large\"><img decoding=\"async\" loading=\"lazy\" width=\"1024\" height=\"768\" src=\"https:\/\/www.maria-lamp.de\/wp-content\/uploads\/2025\/12\/Kosmos_Tennisbaelle_web-1024x768.jpg\" alt=\"\" class=\"wp-image-1494\" srcset=\"https:\/\/www.maria-lamp.de\/wp-content\/uploads\/2025\/12\/Kosmos_Tennisbaelle_web-1024x768.jpg 1024w, https:\/\/www.maria-lamp.de\/wp-content\/uploads\/2025\/12\/Kosmos_Tennisbaelle_web-300x225.jpg 300w, https:\/\/www.maria-lamp.de\/wp-content\/uploads\/2025\/12\/Kosmos_Tennisbaelle_web-768x576.jpg 768w, https:\/\/www.maria-lamp.de\/wp-content\/uploads\/2025\/12\/Kosmos_Tennisbaelle_web-16x12.jpg 16w, https:\/\/www.maria-lamp.de\/wp-content\/uploads\/2025\/12\/Kosmos_Tennisbaelle_web.jpg 1250w\" sizes=\"(max-width: 1024px) 100vw, 1024px\" \/><figcaption class=\"wp-element-caption\">Mein Kosmos, Installation mit Tennisb\u00e4llen unter Schwarzlicht, 2032<\/figcaption><\/figure>\n\n\n\n<p class=\"has-large-font-size\"><strong>Sound of Colours<\/strong><\/p>\n\n\n\n<p>For the themed exhibition of the art association DIE ROSENINSEL in 2018, Maria Rosina Lamp came up with something very special: Sound cushions in the four primary colours to awaken associations with colour and sound. If you put your ear to one of the cushions, you will hear special tones that the artist believes match the corresponding colour.<\/p>\n\n\n\n<p>Heartbeats to the colour RED<br>Wave noise to the colour BLUE<br>Chirping of a canary to the colour YELLOW<br>Frog croaking to the colour GREEN<\/p>\n\n\n\n<figure class=\"wp-block-image size-large\"><img decoding=\"async\" loading=\"lazy\" width=\"1024\" height=\"672\" src=\"https:\/\/www.maria-lamp.de\/wp-content\/uploads\/2022\/08\/Klang-der-Farben_01-1024x672.jpg\" alt=\"\" class=\"wp-image-715\" srcset=\"https:\/\/www.maria-lamp.de\/wp-content\/uploads\/2022\/08\/Klang-der-Farben_01-1024x672.jpg 1024w, https:\/\/www.maria-lamp.de\/wp-content\/uploads\/2022\/08\/Klang-der-Farben_01-300x197.jpg 300w, https:\/\/www.maria-lamp.de\/wp-content\/uploads\/2022\/08\/Klang-der-Farben_01-768x504.jpg 768w, https:\/\/www.maria-lamp.de\/wp-content\/uploads\/2022\/08\/Klang-der-Farben_01.jpg 1250w\" sizes=\"(max-width: 1024px) 100vw, 1024px\" \/><figcaption class=\"wp-element-caption\">Sound Cushion, 2018, Schlo\u00dfberghalle Starnberg<\/figcaption><\/figure>\n\n\n\n<figure class=\"wp-block-image size-large\"><img decoding=\"async\" loading=\"lazy\" width=\"768\" height=\"1024\" src=\"https:\/\/www.maria-lamp.de\/wp-content\/uploads\/2022\/08\/Klang-der-Farben-02-768x1024.jpg\" alt=\"\" class=\"wp-image-716\" srcset=\"https:\/\/www.maria-lamp.de\/wp-content\/uploads\/2022\/08\/Klang-der-Farben-02-768x1024.jpg 768w, https:\/\/www.maria-lamp.de\/wp-content\/uploads\/2022\/08\/Klang-der-Farben-02-225x300.jpg 225w, https:\/\/www.maria-lamp.de\/wp-content\/uploads\/2022\/08\/Klang-der-Farben-02-1152x1536.jpg 1152w, https:\/\/www.maria-lamp.de\/wp-content\/uploads\/2022\/08\/Klang-der-Farben-02.jpg 1250w\" sizes=\"(max-width: 768px) 100vw, 768px\" \/><figcaption class=\"wp-element-caption\">Sound Cushion, 2018, Schlo\u00dfberghalle Starnberg<\/figcaption><\/figure>\n\n\n\n<p class=\"has-large-font-size\">Garten Eden<\/p>\n\n\n\n<p>In der Kunst gibt es eine lange, k\u00fcnstlerische Tradition der Paradies-Darstellung. Sie reicht von Bildern des christlichen Garten Eden, \u00fcber das goldene Zeitalter, das griechische Arkadien bis zum Schlaraffenland. Alle liegen verloren in der Vergangenheit oder unerreichbar im Jenseits. Aus heutiger Sicht scheint die Auseinandersetzung mit dem Paradies naiv, denn die modernen Paradiese \u2013 vom Einkaufs- bis zum Urlaubs- und Steuerparadies \u2013 sind h\u00f6chst irdisch und k\u00e4uflich. Die Kunst hat die M\u00f6glichkeit sich mit diesem Zwiespalt auseinander zu setzen und die Sehnsucht nach einem Ort des Gl\u00fccks und der Harmonie auch im Anbetracht der derzeitigen politischen Situation erneut auszuleuchten.<\/p>\n\n\n\n<p>Diese Installation wurde 2015 anl\u00e4\u00dflich der Ausstellung des Kunstvereins Starnberg zum Thema Paradies in der Starnberger Schlossberghalle gezeigt. Das goldene Bett stand im Freien hinter der Halle, durch die Glasfront der B\u00fchne hatte man einen zentralen Blick darauf. In der Halle befanden sich neben dem Hinweisschild ein Podest mit Kopfh\u00f6rern. \u00dcber diese waren verschiedene Schnarchger\u00e4uschen von Menschen im Tiefschlaf zu h\u00f6ren.<\/p>\n\n\n\n<figure class=\"wp-block-image size-large\"><img decoding=\"async\" loading=\"lazy\" width=\"1024\" height=\"308\" src=\"https:\/\/www.maria-lamp.de\/wp-content\/uploads\/2025\/12\/Paradies_02_web-1024x308.jpg\" alt=\"\" class=\"wp-image-1498\" srcset=\"https:\/\/www.maria-lamp.de\/wp-content\/uploads\/2025\/12\/Paradies_02_web-1024x308.jpg 1024w, https:\/\/www.maria-lamp.de\/wp-content\/uploads\/2025\/12\/Paradies_02_web-300x90.jpg 300w, https:\/\/www.maria-lamp.de\/wp-content\/uploads\/2025\/12\/Paradies_02_web-768x231.jpg 768w, https:\/\/www.maria-lamp.de\/wp-content\/uploads\/2025\/12\/Paradies_02_web-18x5.jpg 18w, https:\/\/www.maria-lamp.de\/wp-content\/uploads\/2025\/12\/Paradies_02_web.jpg 1250w\" sizes=\"(max-width: 1024px) 100vw, 1024px\" \/><figcaption class=\"wp-element-caption\">Installation zum Thema &#8222;Paradies&#8220;, 2015 in der Schlossberghalle Starnberg<\/figcaption><\/figure>\n\n\n\n<p>  <\/p>","protected":false},"excerpt":{"rendered":"<p>VIRTUELLE AUSSTELLUNG \u2014 hier klicken und eintreten! \u201eDu bist, also gehst Du voru\u0308ber\u201c. Ausgehend von dieser Gedichtzeile der polnischen Literaturnobelpreistr\u00e4gerin Wislawa Szymborska, setzt sich Maria Rosina Lamp in der Installation Quintessenz mit ihrer eigenen Verg\u00e4nglichkeit auseinander. So wie die fu\u0308nf Wachsbu\u0308sten, die unverkennbar die Zu\u0308ge der Ku\u0308nstlerin tragen, sich unter dem unerbittlichen Brennen der W\u00e4rmelampen&hellip;<\/p>","protected":false},"author":1,"featured_media":0,"parent":0,"menu_order":0,"comment_status":"closed","ping_status":"closed","template":"","meta":{"content-type":"","_mo_disable_npp":""},"_links":{"self":[{"href":"https:\/\/www.maria-lamp.de\/en\/wp-json\/wp\/v2\/pages\/688"}],"collection":[{"href":"https:\/\/www.maria-lamp.de\/en\/wp-json\/wp\/v2\/pages"}],"about":[{"href":"https:\/\/www.maria-lamp.de\/en\/wp-json\/wp\/v2\/types\/page"}],"author":[{"embeddable":true,"href":"https:\/\/www.maria-lamp.de\/en\/wp-json\/wp\/v2\/users\/1"}],"replies":[{"embeddable":true,"href":"https:\/\/www.maria-lamp.de\/en\/wp-json\/wp\/v2\/comments?post=688"}],"version-history":[{"count":30,"href":"https:\/\/www.maria-lamp.de\/en\/wp-json\/wp\/v2\/pages\/688\/revisions"}],"predecessor-version":[{"id":1500,"href":"https:\/\/www.maria-lamp.de\/en\/wp-json\/wp\/v2\/pages\/688\/revisions\/1500"}],"wp:attachment":[{"href":"https:\/\/www.maria-lamp.de\/en\/wp-json\/wp\/v2\/media?parent=688"}],"curies":[{"name":"wp","href":"https:\/\/api.w.org\/{rel}","templated":true}]}}

<p><a href="https://artspaces.kunstmatrix.com/de/exhibition/10478853/plastic-phantastic">CLICK FOR VIRTUAL SHOWROOM</a></p>



<p><strong>"You are, therefore you pass".</strong> Based on this line of poetry by the Polish Nobel Prize winner for literature Wislawa Szymborska, Maria Rosina Lamp deals with her own transience in the installation <strong>Quintessenz.</strong> Just as the five wax busts, which unmistakably bear the artist's features, gradually dissolve and melt away under the relentless burning of the heat lamps, so man must submit and surrender to the flow of transience.<br>The idea for the installation was born in 2007 for the thematic exhibition ZEITSPUREN of the art association DIE ROSENINSEL, where three sculptures were set up. On the occasion of the artist's 50th birthday, the installation was extended to five sculptures and shown at the end of 2007 in the solo exhibition QUINTESSENZ. For the exhibition <strong>faces</strong> the installation was set up again in 2021 at the Paulo de Brito Gallery.</p>



<figure class="wp-block-image size-large"><img decoding="async" loading="lazy" width="1024" height="705" src="https://www.maria-lamp.de/wp-content/uploads/2022/08/Installation_Wachsbuesten-1024x705.jpg" alt="" class="wp-image-692" srcset="https://www.maria-lamp.de/wp-content/uploads/2022/08/Installation_Wachsbuesten-1024x705.jpg 1024w, https://www.maria-lamp.de/wp-content/uploads/2022/08/Installation_Wachsbuesten-300x207.jpg 300w, https://www.maria-lamp.de/wp-content/uploads/2022/08/Installation_Wachsbuesten-768x529.jpg 768w, https://www.maria-lamp.de/wp-content/uploads/2022/08/Installation_Wachsbuesten.jpg 1250w" sizes="(max-width: 1024px) 100vw, 1024px" /><figcaption class="wp-element-caption">Quintessenz: Wachsbüsten im Schmelzprozess, 2021</figcaption></figure>



<figure class="wp-block-image size-large is-resized"><img decoding="async" loading="lazy" src="https://www.maria-lamp.de/wp-content/uploads/2022/08/MariaLamp_Zeitspuren_Detail_2009-683x1024.jpg" alt="" class="wp-image-695" width="840" height="1260" srcset="https://www.maria-lamp.de/wp-content/uploads/2022/08/MariaLamp_Zeitspuren_Detail_2009-683x1024.jpg 683w, https://www.maria-lamp.de/wp-content/uploads/2022/08/MariaLamp_Zeitspuren_Detail_2009-200x300.jpg 200w, https://www.maria-lamp.de/wp-content/uploads/2022/08/MariaLamp_Zeitspuren_Detail_2009-768x1152.jpg 768w, https://www.maria-lamp.de/wp-content/uploads/2022/08/MariaLamp_Zeitspuren_Detail_2009-1024x1536.jpg 1024w, https://www.maria-lamp.de/wp-content/uploads/2022/08/MariaLamp_Zeitspuren_Detail_2009.jpg 1250w" sizes="(max-width: 840px) 100vw, 840px" /><figcaption class="wp-element-caption">Quintessenz: Büste nach dem Schmelzprozess, 2008</figcaption></figure>



<p></p>



<p class="has-large-font-size"><strong>Venus of the Bags</strong></p>



<p><a href="https://artspaces.kunstmatrix.com/de/exhibition/10478853/plastic-phantastic">CLICK FOR VIRTUAL SHOWROOM</a></p>



<p>A plastic body print of the artist, in the posture of the Venus de Milo, stands in front of a mountain of plastic waste. The artist confronts us with our consumer behaviour. In Germany, an average of 47 kilos of packaging waste are thrown away per capita every year.</p>



<p>The contents of the yellow bags can be used to create a personality profile of the consumers, because the waste reflects their preferences and lifestyles - so vegetarians or meat consumers are revealed just as much as pet owners or families with small children. Plastic waste becomes a mirror of human behaviour, socialisation and culture.</p>



<figure class="wp-block-image size-large"><img decoding="async" loading="lazy" width="1024" height="768" src="https://www.maria-lamp.de/wp-content/uploads/2022/08/Venus_der_Tueten_2022-1024x768.jpg" alt="" class="wp-image-706" srcset="https://www.maria-lamp.de/wp-content/uploads/2022/08/Venus_der_Tueten_2022-1024x768.jpg 1024w, https://www.maria-lamp.de/wp-content/uploads/2022/08/Venus_der_Tueten_2022-300x225.jpg 300w, https://www.maria-lamp.de/wp-content/uploads/2022/08/Venus_der_Tueten_2022-768x576.jpg 768w, https://www.maria-lamp.de/wp-content/uploads/2022/08/Venus_der_Tueten_2022.jpg 1250w" sizes="(max-width: 1024px) 100vw, 1024px" /><figcaption class="wp-element-caption">Venus of the bags, 2022, part of the cycle <strong>Re-Cycle</strong> in the exhibition <strong>Plastic Phantastic</strong></figcaption></figure>



<p class="has-large-font-size"><strong>Mein Kosmos</strong></p>



<p>Kunst = Installation<br>Mode = Spiegel<br>Sport = Tennisbälle</p>



<p>1.001 Tennisbälle sind in einem Raum mit schwarz gestrichenen Wänden und schwarzem Teppich verteilt. Unter Schwarzlicht leuchten gebleichte Stoffe und auch gelbe Tennisbälle. Viele unterschiedliche Spiegel, angelehnt an den Wänden, verdoppeln die Szenerie ins Unendliche. Die zweite große Leidenschaft der Künstlerin ist der Tennissport. Soviele Bälle hat die Künstlerin in fast vierzig Jahren aktivem Turniersport verbraucht.</p>



<p>Die Installation wurde zur Ausstellung Lichtblick 2023 im Atelier von Paulo de Brito gezeigt.</p>



<figure class="wp-block-image size-large"><img decoding="async" loading="lazy" width="1024" height="768" src="https://www.maria-lamp.de/wp-content/uploads/2025/12/Kosmos_Tennisbaelle_web-1024x768.jpg" alt="" class="wp-image-1494" srcset="https://www.maria-lamp.de/wp-content/uploads/2025/12/Kosmos_Tennisbaelle_web-1024x768.jpg 1024w, https://www.maria-lamp.de/wp-content/uploads/2025/12/Kosmos_Tennisbaelle_web-300x225.jpg 300w, https://www.maria-lamp.de/wp-content/uploads/2025/12/Kosmos_Tennisbaelle_web-768x576.jpg 768w, https://www.maria-lamp.de/wp-content/uploads/2025/12/Kosmos_Tennisbaelle_web-16x12.jpg 16w, https://www.maria-lamp.de/wp-content/uploads/2025/12/Kosmos_Tennisbaelle_web.jpg 1250w" sizes="(max-width: 1024px) 100vw, 1024px" /><figcaption class="wp-element-caption">Mein Kosmos, Installation mit Tennisbällen unter Schwarzlicht, 2032</figcaption></figure>



<p class="has-large-font-size"><strong>Sound of Colours</strong></p>



<p>For the themed exhibition of the art association DIE ROSENINSEL in 2018, Maria Rosina Lamp came up with something very special: Sound cushions in the four primary colours to awaken associations with colour and sound. If you put your ear to one of the cushions, you will hear special tones that the artist believes match the corresponding colour.</p>



<p>Heartbeats to the colour RED<br>Wave noise to the colour BLUE<br>Chirping of a canary to the colour YELLOW<br>Frog croaking to the colour GREEN</p>



<figure class="wp-block-image size-large"><img decoding="async" loading="lazy" width="1024" height="672" src="https://www.maria-lamp.de/wp-content/uploads/2022/08/Klang-der-Farben_01-1024x672.jpg" alt="" class="wp-image-715" srcset="https://www.maria-lamp.de/wp-content/uploads/2022/08/Klang-der-Farben_01-1024x672.jpg 1024w, https://www.maria-lamp.de/wp-content/uploads/2022/08/Klang-der-Farben_01-300x197.jpg 300w, https://www.maria-lamp.de/wp-content/uploads/2022/08/Klang-der-Farben_01-768x504.jpg 768w, https://www.maria-lamp.de/wp-content/uploads/2022/08/Klang-der-Farben_01.jpg 1250w" sizes="(max-width: 1024px) 100vw, 1024px" /><figcaption class="wp-element-caption">Sound Cushion, 2018, Schloßberghalle Starnberg</figcaption></figure>



<figure class="wp-block-image size-large"><img decoding="async" loading="lazy" width="768" height="1024" src="https://www.maria-lamp.de/wp-content/uploads/2022/08/Klang-der-Farben-02-768x1024.jpg" alt="" class="wp-image-716" srcset="https://www.maria-lamp.de/wp-content/uploads/2022/08/Klang-der-Farben-02-768x1024.jpg 768w, https://www.maria-lamp.de/wp-content/uploads/2022/08/Klang-der-Farben-02-225x300.jpg 225w, https://www.maria-lamp.de/wp-content/uploads/2022/08/Klang-der-Farben-02-1152x1536.jpg 1152w, https://www.maria-lamp.de/wp-content/uploads/2022/08/Klang-der-Farben-02.jpg 1250w" sizes="(max-width: 768px) 100vw, 768px" /><figcaption class="wp-element-caption">Sound Cushion, 2018, Schloßberghalle Starnberg</figcaption></figure>



<p class="has-large-font-size">Garten Eden</p>



<p>In der Kunst gibt es eine lange, künstlerische Tradition der Paradies-Darstellung. Sie reicht von Bildern des christlichen Garten Eden, über das goldene Zeitalter, das griechische Arkadien bis zum Schlaraffenland. Alle liegen verloren in der Vergangenheit oder unerreichbar im Jenseits. Aus heutiger Sicht scheint die Auseinandersetzung mit dem Paradies naiv, denn die modernen Paradiese – vom Einkaufs- bis zum Urlaubs- und Steuerparadies – sind höchst irdisch und käuflich. Die Kunst hat die Möglichkeit sich mit diesem Zwiespalt auseinander zu setzen und die Sehnsucht nach einem Ort des Glücks und der Harmonie auch im Anbetracht der derzeitigen politischen Situation erneut auszuleuchten.</p>



<p>Diese Installation wurde 2015 anläßlich der Ausstellung des Kunstvereins Starnberg zum Thema Paradies in der Starnberger Schlossberghalle gezeigt. Das goldene Bett stand im Freien hinter der Halle, durch die Glasfront der Bühne hatte man einen zentralen Blick darauf. In der Halle befanden sich neben dem Hinweisschild ein Podest mit Kopfhörern. Über diese waren verschiedene Schnarchgeräuschen von Menschen im Tiefschlaf zu hören.</p>



<figure class="wp-block-image size-large"><img decoding="async" loading="lazy" width="1024" height="308" src="https://www.maria-lamp.de/wp-content/uploads/2025/12/Paradies_02_web-1024x308.jpg" alt="" class="wp-image-1498" srcset="https://www.maria-lamp.de/wp-content/uploads/2025/12/Paradies_02_web-1024x308.jpg 1024w, https://www.maria-lamp.de/wp-content/uploads/2025/12/Paradies_02_web-300x90.jpg 300w, https://www.maria-lamp.de/wp-content/uploads/2025/12/Paradies_02_web-768x231.jpg 768w, https://www.maria-lamp.de/wp-content/uploads/2025/12/Paradies_02_web-18x5.jpg 18w, https://www.maria-lamp.de/wp-content/uploads/2025/12/Paradies_02_web.jpg 1250w" sizes="(max-width: 1024px) 100vw, 1024px" /><figcaption class="wp-element-caption">Installation zum Thema &#8222;Paradies&#8220;, 2015 in der Schlossberghalle Starnberg</figcaption></figure>



<p>  </p>

<p>VIRTUELLE AUSSTELLUNG — hier klicken und eintreten! „Du bist, also gehst Du vorüber“. Ausgehend von dieser Gedichtzeile der polnischen Literaturnobelpreisträgerin Wislawa Szymborska, setzt sich Maria Rosina Lamp in der Installation Quintessenz mit ihrer eigenen Vergänglichkeit auseinander. So wie die fünf Wachsbüsten, die unverkennbar die Züge der Künstlerin tragen, sich unter dem unerbittlichen Brennen der Wärmelampen&hellip;</p>
